 -189. List the prime factors of a.
47
Suppose 0 = 4*t - 20334 + 6534. What are the prime factors of t?
2, 3, 5, 23
Suppose 290*u - 283*u - 21 = 0. Suppose 2*y - u*b + 0*b = 1110, -y + 541 = 2*b. List the prime factors of y.
3, 61
Suppose 4*s - 4*k - 88 = 0, 0*s - 4*s + 83 = k. Suppose 0 = 5*l - 4 - s, 0 = -4*g + l - 1. List the prime factors of 8*g/(-2) + 115.
3, 37
Suppose 5*o = -40, 4*o + 176434 = 2*b - o. What are the prime factors of b?
3, 29399
Let z(i) = -i**3 + 53*i**2 + 73*i - 78. Let x be z(53). Let a = -2537 + x. List the prime factors of a.
2, 3, 11, 19
Suppose 0 = 10*o - 14*o + 4540. Suppose -o = -t - 4*s, 3*t - 1325 = -4*s + 2048. What are the prime factors of t?
3, 373
Let c = -136776 + 193224. List the prime factors of c.
2, 3, 7
Let s(o) = -2592*o - 731. List the prime factors of s(-4).
23, 419
Let t = -7017 - -9859. Suppose -4*c - c + t = 3*i, -5*i = 5. What are the prime factors of c?
569
Suppose -62*y - 9*y + 2159084 = 5*y. What are the prime factors of y?
28409
Let d(f) = -4*f**2 + 89*f - 13. Let p be d(22). List the prime factors of (-684)/2*(-6)/p.
2, 3, 19
Suppose 12*m + 108 = 14*m. Let f = m + -49. Suppose 49 = f*r - 156. What are the prime factors of r?
41
Let o be 49*-6*7/(-98). What are the prime factors of -293*(-5 + o/3 + -5)?
3, 293
Let z(i) = -i**3 + 16*i**2 + 30*i + 10. Let w(k) = 3*k + 34. Let g be w(-6). List the prime factors of z(g).
2, 5, 7
Suppose s + 3*s - 60 = 0. Let y be ((-32)/20)/4 - (-186)/s. Suppose -y*c = -742 - 242. List the prime factors of c.
2, 41
Let y(h) = -394*h + 3602. List the prime factors of y(-121).
2, 3, 4273
Suppose 12*o - 12*o = -11*o + 659076. List the prime factors of o.
2, 3, 4993
Suppose 4*l = -a + 5*l + 27, 8 = -4*l. List the prime factors of a.
5
Let c = 540 - 532. Suppose -9*q - c*q = -16439. List the prime factors of q.
967
Let q(j) = j**2 - 17*j + 19. Suppose -4*n + 78 = 14. Let b be q(n). Suppose -b*o + 72 = 3*w, -w - 3*w = o - 84. What are the prime factors of w?
2, 5
Suppose 0 = -39*p + 38571 + 11076. What are the prime factors of p?
19, 67
Let t = -45 + 47. Suppose -t*u - 5*j = 372, -5*u = -4*u + j + 189. Let h = u + 298. What are the prime factors of h?
107
List the prime factors of (-2 + (-297)/(-18))/((-2)/(-1340)).
5, 29, 67
Let i(l) be the third derivative of l**5/60 - 5*l**4/24 - 19*l**3/6 - 17*l**2. Let u be i(8). Suppose 57 = u*f + 22. List the prime factors of f.
7
Suppose 1118*f = 1080*f + 3015528. List the prime factors of f.
2, 3, 17, 389
Let h = 255 - 247. List the prime factors of (2/h)/(33/175692).
11
Suppose -h - m + 14 = -0*m, -3*m = 2*h - 32. Let u(c) = 4*c**2 - 141*c + 404. Let s be u(33). Suppose h = 3*d - s. What are the prime factors of d?
3, 13
Let f(t) = t**3 - 8*t**2 + t. Let q be f(8). Suppose -515 - 1057 = 12*l. Let z = q - l. What are the prime factors of z?
139
Let s(r) = r**2 + 4*r + 1. Let q be s(7). List the prime factors of 21*4/(24/q).
3, 7, 13
Suppose 4*u = 5*t + 11063, 0 = 89*t - 87*t - 10. List the prime factors of u.
2, 3, 7, 11
Let i = 281 - 273. Suppose 5*w - 1107 = -4*l + i*w, -2*l - 2*w = -550. List the prime factors of l.
2, 3, 23
Let w(c) = -c**3 - 5*c**2 - 6*c - 5. Let h be w(-4). Suppose 4 = -u + h*u. Let g = 43 - u. What are the prime factors of g?
41
Let z(q) be the first derivative of 1/3*q**3 - 3*q - 17 - 3/2*q**2. What are the prime factors of z(5)?
7
Suppose 4*k = -12, -5*q + 10*k + 12509 = 7*k. What are the prime factors of q?
2, 5
Let h(w) = w**3 - 9*w**2 + 9*w - 3. Let u be h(8). Suppose f + 581 = k, -4*k - u*f + 2324 = -6*f. List the prime factors of k.
7, 83
Suppose 134*n - 293*n + 466920 = -141*n. What are the prime factors of n?
2, 5, 1297
Let s(a) = -2*a**2 - 7*a - a + 68*a**3 + 15 - 69*a**3. List the prime factors of s(-6).
3, 23
Let o(b) = -2*b**3 - 18*b**2 + 49*b + 81. List the prime factors of o(-23).
2, 6883
Let f(n) = -n**3 + 3*n**2 - 4*n - 6. Let z be f(-1). Suppose -z*r - 2*v = 1081 - 3125, -2*r - v = -2048. What are the prime factors of r?
2, 3, 19
Suppose -3*b - 4 = -5*c, 5*b - 16*c - 18 = -20*c. Suppose 0 = 4*z - x + b*x - 836, -3*z - x + 626 = 0. What are the prime factors of z?
2, 3, 5, 7
Suppose 8662 = 3*t - 5*u, -3*u = -4*t - 2*u + 11521. What are the prime factors of t?
2879
Let d(b) = -229*b**2 + 3 - b - 11 + 227*b**2 + 4*b**3. Let r be d(3). What are the prime factors of 2/(-6)*-9 + r?
2, 41
Let i = 2685 + 1229. List the prime factors of i.
2, 19, 103
Suppose -l + 724 = 3*q - 8460, q - 18403 = -2*l. List the prime factors of l.
5, 7, 263
Let f(r) = -697 - 2*r**3 + 38*r**2 + 708 + 0*r**3 + 68*r. List the prime factors of f(20).
571
Let a(h) = -12 + 2 + 75*h - 226*h + 79*h + 69*h. Let s be (3 + 0)/((-6)/8). What are the prime factors of a(s)?
2
Let d be (507/(-26))/(2/(-1256)). Suppose 0 = -12*c + 38*c - d. What are the prime factors of c?
3, 157
Suppose 3*y - 79490 = 47*s - 49*s, -2*y + 158948 = 4*s. List the prime factors of s.
39733
Let q be 46/6*72/24. Suppose -2*t - q = -2403. What are the prime factors of t?
2, 5, 7, 17
Let p(q) be the second derivative of q**3/2 + 25*q**2/2 - 2*q - 2. List the prime factors of p(13).
2
Suppose x - 232 = -5*h + 5, 3*h = 2*x - 500. Let w = x + -137. What are the prime factors of w?
2, 5, 11
Suppose 3*l = 2*j + 52343, 28*l - 2*j + 87217 = 33*l. What are the prime factors of l?
3, 5, 1163
Suppose -5*j + 4*a + 38 = -114, -5*a + 74 = 2*j. List the prime factors of -2*((-12723)/42 - j/56).
607
Let g(b) = 36*b. Let m be g(-1). Let h = m + 38. Suppose 0 = -3*p - h*p + 215. List the prime factors of p.
43
Suppose 4 = 2*t, -4*r + 65917 = -5*t + 24603. List the prime factors of r.
10331
Let b(v) = v - v**2 - 45*v - v**2 - 21. Let u = 784 - 802. List the prime factors of b(u).
3, 41
Let d = 2143 - -5522. What are the prime factors of d?
3, 5, 7, 73
Let g(p) = 8*p - 20. Let x be g(-2). Let d = 25 - x. List the prime factors of d.
61
Suppose 6*p - 6*n = 5*p + 27346, 0 = 2*n - 12. List the prime factors of p.
2, 13691
Let y = 26 + -14. Let m(s) be the second derivative of 5*s**3/6 - 11*s**2/2 + s + 9. What are the prime factors of m(y)?
7
Let g(f) = 3*f**2 - 6*f - 36. Let i be g(-10). Let o(u) = 4*u + 7. Let p be o(0). Suppose 0 = p*h + i - 1192. List the prime factors of h.
2, 31
What are the prime factors of (-15)/27*-6*52815/5?
2, 5, 7, 503
Let j = -4 + 4. Suppose 18 = 4*b + 2*u, u + 4*u = 5*b - 15. Suppose 49 + 10 = f - b*h, -3*f + 5*h + 170 = j. List the prime factors of f.
5, 11
Let d(y) = 125*y**3 + 6*y**2 + 24*y - 83. What are the prime factors of d(6)?
27277
Suppose 0 = -2*v - 5*c + 26900, 56*v - 52*v - 53814 = -3*c. List the prime factors of v.
3, 5, 13, 23
List the prime factors of 26270/2 - (6 + 13 - 21).
3, 29, 151
Let o(z) = -1986*z**3 - z**2 + 3*z - 2. What are the prime factors of o(-2)?
2, 3, 7
Suppose -4*p = -3*k - 311541, 0 = -5*p - 2*k + 5*k + 389433. List the prime factors of p.
2, 3, 6491
Let g(x) = 724*x**2 - 701*x + 2788. What are the prime factors of g(4)?
2, 3, 241
Let q(h) = -h**3 - 49*h**2 + 53*h - 530. What are the prime factors of q(-51)?
11, 179
Let z = 8468 + -2123. What are the prime factors of z?
3, 5, 47
Let d(a) = -a**3 - 7*a**2 - 22*a - 17. Let o be d(8). Let c = 2070 + o. What are the prime factors of c?
7, 131
Suppose -5*p = 629 + 271. Let s = -80 - p. What are the prime factors of s?
2, 5
Suppose 300*d - 12573 = 291*d. List the prime factors of d.
11, 127
Let v = 27648 + 4832. What are the prime factors of v?
2, 5, 7, 29
Suppose 3 = 4*b + 4*l - 1, 5*b = 5*l + 15. Let v be (4 - 11)*b*1. What are the prime factors of 4/v + (-1623)/(-21)?
7, 11
Suppose 3*n - 7737 = -5*d, -2847 = -2*n + 3*d + 2311. Suppose -5*o + 15 = 0, -o - n = 25*f - 27*f. List the prime factors of f.
1291
Let p = -450 - -495. Suppose 0 = -p*h + 22980 + 63240. List the prime factors of h.
2, 479
Let z(s) = -s**3 + 53. Let k(i) = -i**2 + i + 2. Let g = -42 - -41. Let x be k(g). List the prime factors of z(x).
53
Suppose -a = 2*w - 0*w - 5141, -4*w + 10275 = -5*a. List the prime factors of w.
2, 5, 257
Let k(f) be the third derivative of 7*f**4/4 - 4*f**3 + 56*f**2 - 2. What are the prime factors of k(13)?
2, 3, 29
Let s(u) = -44*u + 217. Let d be s(32). What are the prime factors of 10/(-5) - d - 1?
2, 3, 11
Suppose -3*r = 12, 5*n + 20 = r + 4. Let l be (-18)/81